/60. Suppose -5*p + 155 + 80 = 5*w, 3*p + 165 = 3*w. Calculate the highest common divisor of w and d.
51
Let h(w) = -8*w**3 - 5*w**2 - 9*w + 1. Let z be h(-2). What is the greatest common divisor of 2289 and z?
21
Suppose 80 - 251 = -21*g + 2*g. What is the highest common divisor of g and 768?
3
Suppose 5*a - 53 + 393 = -4*y, 0 = -4*a + 3*y - 241. Let f = a + 108. Calculate the highest common divisor of 154 and f.
22
Suppose 6*y = 3*y + 279. Suppose 816*p = 759*p + 14136. Calculate the greatest common divisor of y and p.
31
Suppose -5*u = -h - 133, 2*u + 2*h - 10 = 48. What is the highest common divisor of 7101 and u?
27
Suppose 60 = 3*a - a. Suppose -49 - 103 = -28*c + 520. What is the highest common factor of a and c?
6
Suppose 2 = 2*p, -u + 4*p - 27 = -2*u. Let f = 200 + -203. Let x be (1/(-3)*f)/(7/322). Calculate the greatest common factor of x and u.
23
Suppose -4*f - 33*d = -34*d - 155, -5*f + 197 = 2*d. Suppose 5*n + 2*i = 176 + 25, 5*n - 5*i = 180. What is the highest common divisor of f and n?
39
Let w(h) = -3*h**3 + 24*h**2 + 17*h - 105. Let z be w(8). What is the greatest common factor of z and 1116?
31
Let j be (294/(-15))/(1 - (-49)/(-35)). Let n(r) = 2*r**3 - 6*r**2 - 7*r + 3. Let w be n(5). Let s = w - j. Calculate the greatest common factor of 19 and s.
19
Let b = -39 - -56. Suppose 18*z - 1013 = 13. Let p be 28/z*69 + (-2)/(-19). What is the greatest common factor of b and p?
17
Suppose -21*z + 1152 = -18*z. Suppose -10*o + 2*m = -7*o - z, 0 = -3*m. Calculate the highest common factor of o and 16.
16
Let r be 20/(-10) + (0 - 6). Let k be ((-10)/r)/((-63)/(-28) - 2). What is the highest common divisor of 20 and k?
5
Suppose 5*y + 17 = -u, u - 2*y + 0 = 11. Suppose -u*f + 50 + 58 = 0. What is the highest common factor of 9 and f?
9
Suppose -55 = -5*z + 2*t, 0 = -t - 3*t - 20. Suppose -n - 3*x = 1 + 2, -n - x = 3. Let d be 18/12*98 + n. What is the greatest common factor of z and d?
9
Suppose -5*m + 6*m = -4*w + 338, 2*m - w - 631 = 0. Let x = -316 + m. Calculate the highest common divisor of x and 22.
2
Suppose 0 = 60*u - 55*u + 5*n - 3700, 0 = u + 5*n - 752. Calculate the highest common factor of u and 67.
67
Let o = -7311 + 7816. What is the highest common divisor of o and 5?
5
Let n be 5 - 5/10*4. Suppose -2010*m = -2012*m + 30. Calculate the greatest common factor of m and n.
3
Suppose -5*w + 876 - 109 = -4*a, 0 = -4*w - 3*a + 626. What is the highest common divisor of w and 15?
5
Suppose z - 30 = 3*p, 8*z - 5*z + 2*p = 90. Let u = 123 - 120. Suppose 5*x - 6*k = -5*k + 51, -3*x + u*k = -33. Calculate the highest common factor of x and z.
10
Suppose -3*g + 8 + 4 = 0. Suppose x - 252 = -g*c - 3*x, 0 = c - 2*x - 48. Calculate the highest common factor of c and 377.
29
Suppose -2*x = 4*d - 44, 47 = 2*x - 2*d - 27. Suppose 0 = 3*n - 10 - 20. Calculate the greatest common factor of n and x.
2
Suppose 5*z = 2*t + 93, -45 = 3*z + 2*t - 104. Calculate the greatest common factor of 2831 and z.
19
Suppose 44*i - 25720 - 34472 = 0. What is the highest common divisor of 76 and i?
76
Let r(h) = h**2 - 39*h + 186. Let x be r(5). What is the greatest common divisor of x and 104?
8
Suppose l + q = 2, 18*l - 20*l + 3*q = -4. Suppose -16 = 4*h, 5*d = 2*h + l*h + 341. What is the highest common factor of 52 and d?
13
Let w(c) = -2*c**3 - 2*c**2 + 2*c + 70. Let y be w(0). Calculate the highest common factor of y and 98.
14
Let q(u) = -u**2 + 15*u - 8. Suppose 3*p - p - 8 = 0. Let y be q(p). Suppose 4*r = 3*r + 90. Calculate the highest common factor of y and r.
18
Let n(y) = -y**3 + 26*y + 0*y**3 + 140*y**2 - 56 - 71*y**2 - 47*y**2. Let s be n(23). What is the greatest common factor of s and 26?
13
Suppose 4*p - 524 = -4*l, 34*l = -5*p + 32*l + 661. Suppose j - 26 = 5*k - 120, 2*k + 5*j = 43. What is the highest common factor of p and k?
19
Let h(x) = 5*x**2 - 482*x + 2899. Let i be h(6). Suppose -2*b = 2, 2*w + 0*b = 3*b + 69. Calculate the greatest common divisor of w and i.
11
Let y = -5585 + 5669. Let o be ((-24)/(-28))/(1/21). What is the highest common factor of o and y?
6
Let p(l) = -272 + 113 + 10*l**2 + 9*l + 157. Let r be p(1). Calculate the highest common divisor of 34 and r.
17
Let w = -1763 - -1769. What is the greatest common factor of w and 64?
2
Let f(z) = 962*z**2 - 19*z + 52. Let i be f(3). Calculate the highest common divisor of 17 and i.
17
Let u be 26650/123*6/4. Suppose -5*o + l + u = 0, -169 = -2*o + l - 39. Calculate the highest common divisor of 26 and o.
13
Suppose -32*i + 33*i = -4. Let t be -2 + (-11 - (i + 8)). Let l = t - -61. Calculate the highest common divisor of l and 66.
22
Let m = 1 - -1. Let a be (10/(-25))/((-183)/90 - -2). Suppose -m*z = -2*g - 14, -15 - a = -z - 3*g. Calculate the greatest common factor of 108 and z.
12
Suppose 0 = -5*h - 15, -5*z + 3*h + 258 + 371 = 0. Calculate the greatest common divisor of z and 16.
4
Suppose 143*q - 34*q = 57*q + 812500. Calculate the highest common factor of q and 50.
25
Let p be ((-365)/(-73))/(3 - (2 + 0)). Let q be 0 + -1 + 0 + 1. Suppose -2*r + p + 47 = q. Calculate the highest common factor of 65 and r.
13
Let y = 140 - -196. Let g be y/10 - 57/95. Suppose -21 = -2*o + g. What is the greatest common factor of o and 63?
9
Let x = -4613 - -6039. What is the highest common factor of 496 and x?
62
Let l = -45 - -47. Suppose 0 = -l*d - d + 12. Let i be (10 - d - -1)*13. Calculate the greatest common factor of 13 and i.
13
Suppose 0 = 3*d + 2*r - 1158, -d - 35 = -3*r - 410. Let i be ((-130)/(-11) + 32/176)*(-15)/(165/(-44)). Calculate the greatest common factor of i and d.
48
Let v be -65*(-40)/(-60)*(1/2 - 2). Let y(r) = 5*r**3 + r - 1. Let h be y(1). Calculate the greatest common factor of v and h.
5
Suppose 14*d - 7*d - 1435 = 0. Suppose 4*k = -k + d. Calculate the highest common divisor of k and 164.
41
Let n(w) = 3*w**3 + 31*w**2 + 25*w + 31. Let h be n(-9). Suppose -84 = -4*l - b - b, -5*l + 108 = 4*b. Calculate the greatest common factor of h and l.
10
Let k = -7162 - -8194. What is the highest common divisor of 96 and k?
24
Suppose 5 = -v, -m - m - 5*v = 27. Let j be (-2 - 1 - m) + -3. Let q be 1 - (j - -3) - (1 + 1). Calculate the highest common divisor of 8 and q.
1
Let d be (12/5)/((-369)/(-66420)). Calculate the greatest common factor of 324 and d.
108
Let u be 6 + (-15 - -2659) - -6. What is the highest common factor of u and 166?
166
Suppose 10*l = 24 + 1256. Let q(d) = 3*d**2 - 2*d**2 + 1 - 28*d + 26*d. Let a be q(5). What is the greatest common divisor of l and a?
16
Suppose -r + 6*d + 8 = d, -3*d = 5*r + 16. Let b be (r/(-8))/((-18)/(-360)). Suppose -b*f + f = -28. What is the highest common divisor of 1 and f?
1
Let q = -12674 - -13277. What is the greatest common divisor of 216 and q?
9
Let g(p) = 131*p + 3149. Let l be g(-24). Let s(a) = a**3 - 3*a**2 + 3*a - 3 + 3*a**2 + 7*a**2. Let v be s(-6). Calculate the greatest common factor of v and l.
5
Suppose -280 = -5*u - 5*b, -105 = 33*u - 35*u + 5*b. Let r = -11 + 6. Let k be (-2)/(12/r - -2). Calculate the greatest common divisor of u and k.
5
Let j(d) = -2*d**2 - 20*d - 30. Let p be j(-6). Suppose 4*i + 4606 = p*i. Calculate the highest common divisor of i and 94.
47
Let o(x) = x**2 + 16*x + 30. Let m be o(-2). Suppose -10 = 2*u, 9*u = -3*y + 8*u - m. Calculate the highest common divisor of y and 19.
1
Let d(f) = 48*f**2 + f. Let x be d(-2). Let h be 12/(-5)*((-5)/(-7) + (-91125)/1890). Calculate the highest common factor of h and x.
38
Let x(m) = 5*m + 61. Let a(z) = -16*z - 183. Let b(l) = 6*a(l) + 17*x(l). Let u be b(-9). What is the greatest common divisor of 342 and u?
38
Suppose -s = 2*c - 145, 5*s + 0*s - 4*c - 781 = 0. Calculate the greatest common factor of s and 333.
9
Suppose -280 = 233*h - 243*h. Let b(q) = -q**3 + 5*q**2 - 3*q - 3. Let d be b(3). Let g be 3/d - 54/(-4). What is the greatest common divisor of g and h?
14
Suppose 2*t + 4*c = 74, -t + 64 = 3*c + 25. Suppose -5*f - 1261 + 4066 = 0. Calculate the greatest common divisor of f and t.
33
Suppose -f = -3*v - 513, 6*f - 11*f - 3*v + 2421 = 0. What is the highest common factor of f and 21?
3
Let w be ((-16)/32)/((-2)/(-20)) + 133244/4. What is the highest common divisor of w and 21?
21
Let b(j) = 2*j**3 - 4*j**2 + 23*j - 89.